 + 72. Calculate the remainder when 122 is divided by d.
6
Suppose 149*h = -11157 + 28888. Calculate the remainder when h is divided by 22.
9
Suppose 0 = 3*p + c + 73, 4*c + 6 = 4*p + 98. Calculate the remainder when 32505/120 + (-3)/p is divided by 70.
61
Let v(i) = -i**3 + 15*i**2 - 25*i + 9. Let s be v(13). Suppose 0 = -13*p + s + 108. Let b = 42 - 25. What is the remainder when b is divided by p?
7
Let q = 28 - 26. Suppose 3*d = -q*o + 4, o + 4*d + d + 5 = 0. Suppose -o*a - 85 = -10*a. What is the remainder when 48 is divided by a?
14
Let m be 102/9 + 2/(-6). Let n(a) = 5*a. Let i be n(m). Suppose 4*o + 3*r - i = 2*r, -5*o - 3*r = -60. Calculate the remainder when o is divided by 8.
7
Let j(o) = -o**3 - 79*o**2 + 233*o + 171. Calculate the remainder when j(-82) is divided by 73.
69
Let j(p) = -8*p. Let i(w) = 40 - 85 + 3*w + 43. What is the remainder when i(4) is divided by j(-1)?
2
Let o = -595 - -663. What is the remainder when o is divided by (-74)/(-6) - -1 - 4/(-6)?
12
Let x = 7999 + -6225. What is the remainder when x is divided by 33?
25
Suppose -59*l + 5512 = -7*l. Suppose 6*t - l = 44. Suppose -4*q + 15 + 37 = 0. What is the remainder when t is divided by q?
12
Let s = 13332 - 13214. Let y(o) = 2*o**2 - 8*o - 5. Let j be y(6). Suppose 0 = 2*l - j - 1. Calculate the remainder when s is divided by l.
8
Calculate the remainder when 436 is divided by (-22)/(-18) + (-3)/3 + (-11578)/(-63).
68
Let w(n) = 30*n - 75. Suppose 4*l = 5*t - 67, -2*t - 3*l + 7 = 2*l. Calculate the remainder when w(t) is divided by 37.
33
Suppose -86 = -m - m + 4*p, -5*m + 191 = 2*p. Calculate the remainder when (105/1050)/(2/6940) is divided by m.
35
Let a = -299 - -360. What is the remainder when 4939 is divided by a?
59
Suppose 44*r + 42 = 50*r. Calculate the remainder when 75 is divided by 11/(5 - (r - 3)).
9
Suppose 28 = 4*r, 4*d - 11*r + 7*r = 18604. What is the remainder when d is divided by 6?
2
Suppose 2*w - 70 = -4*f, 3*w + 0*f = -2*f + 121. What is the remainder when (25 - (292 + -64))/(2/(-2)) is divided by w?
31
Suppose 0*i - 345 = 3*i - 3*o, 3*i = o - 353. Let h = 227 + i. Let a(u) = -3*u**2 - 81*u + 37. Calculate the remainder when h is divided by a(-27).
34
Let c(z) = -4*z**3 + 174*z**2 + 90*z + 62. What is the remainder when 737 is divided by c(44)?
137
Let f be (-34)/153 + ((-76)/(-18) - 0). Suppose 3*r - 870 = -5*y, -f*y = 2*r - y - 580. What is the remainder when r is divided by 74?
68
Let g = -120 + 162. What is the remainder when 42 is divided by 6/(g/203) + -5?
18
Let o = 2 + 15. Suppose 0 = u - t - 2, 3*t - 22 = -4*u. Suppose -u*r + 64 + 200 = 0. Calculate the remainder when r is divided by o.
15
Suppose -60*b - 5*h = -62*b + 91, -259 = -4*b - h. Calculate the remainder when 166 is divided by b.
40
Let r = -21 + 39. Let c be (2/(-2))/((-56)/r - -3). Suppose -2*j - c = -33. Calculate the remainder when 54 is divided by j.
6
Suppose 110*i + 64 = m + 108*i, 0 = 5*m - 5*i - 335. What is the remainder when 216 is divided by m?
6
Let l be -5 + ((-4)/20*0 - -5). Suppose l = -16*r + 23*r - 14. Calculate the remainder when 18 is divided by r.
0
Let d be (5 - (-12)/(-3))/((-2)/(-10)). Suppose -3*j = 2*j + 3*n + 3, 0 = 3*j + 5*n + d. What is the remainder when 43 is divided by j - (2 + -3) - -14?
13
Let n(t) = 32*t + 344. Let l(b) = -8*b - 85. Let i(h) = -9*l(h) - 2*n(h). Calculate the remainder when 56 is divided by i(-7).
14
Suppose 3*r = -4 + 19. Suppose 0 = -0*w - r*w + 205. Calculate the remainder when w is divided by (-224)/(-28) + 4/((-2)/2).
1
Calculate the remainder when 99*14/189 - (-1)/(-3) - -890 is divided by 153.
132
Let k(y) = -y**2 + 92*y + 5288. Calculate the remainder when 2478 is divided by k(-40).
6
Calculate the remainder when 18*(6 - (-684)/27) is divided by 145.
129
Let k be 243/36 - 6/8. Let y(u) = 4*u + 1. Suppose -v = -14*v + 611. What is the remainder when v is divided by y(k)?
22
Let r(u) = 53*u - 34. Let g be r(14). Let x = g - 700. What is the remainder when 19 is divided by x?
3
Suppose 5*b - 130 = -o, 6*b - 105 = b + 4*o. Suppose -2*a - 5*z + 22 = 0, 2*a + 4*z = a + 8. Calculate the remainder when b*126/525*30/4 is divided by a.
13
Let b(c) = c**3 - c**2 - 10*c + 17. What is the remainder when 2886 is divided by b(3)?
1
Let j = -437 - -490. Suppose -66*a + j*a = -78. What is the remainder when 207 is divided by a?
3
Let r(n) = -2*n + 99. Let i be 2724/144 - (-1 - (-44)/48). Calculate the remainder when 303 is divided by r(i).
59
Let m(f) = -f**3 + 45*f**2 - 5*f + 370. What is the remainder when 2172 is divided by m(45)?
142
Let b = 94 - 26. Let t = 157 + -150. Calculate the remainder when b is divided by t.
5
Let t(p) = -p + 22. Suppose n + 52 = -3*n. What is the remainder when t(n) is divided by -19*3*(1 + 20/(-15))?
16
Suppose 3*i + u + 11 = -3*u, 0 = i - u - 8. Suppose -q - 96 = i*q. What is the remainder when (-2)/8 - 1302/q is divided by 29?
25
Let i(o) = -o**3 + 7*o**2 - 12. Let c(r) = r**3 - 4. Let y be c(2). Suppose -f = -9 + y. Calculate the remainder when i(f) is divided by 8.
6
Suppose -46*l + 48*l - 798 = 0. Suppose -2*b + 3*f - 85 + l = 0, 4*b - f = 608. Calculate the remainder when b is divided by 14.
11
Let z(j) = j**2 + 9*j + 7. Let f be z(-6). Suppose -20 - 28 = -4*d + 4*r, 4*d - 44 = 5*r. What is the remainder when d is divided by (-12)/66 + (-46)/f?
0
Let q = -17158 - -17235. Calculate the remainder when 304 is divided by q.
73
Let v be -65*3*6/(-6). Suppose -5*d + 10*d - v = 0. What is the remainder when ((-5)/15)/(30/(-24390)) is divided by d?
37
Suppose 152 = 4*i + 4*d, 0 = -2*i - 6*d + 3*d + 73. What is the remainder when i is divided by (-3)/(4 + 40/(-8))?
2
Suppose 0 = -26*d + 19*d + 959. Let l = -495 + 932. Suppose 5*w - l + d = 0. What is the remainder when w is divided by 9?
6
Suppose f = -3*f + 44. Suppose v + 4*v = 10, 7*v - 16 = -2*u. Calculate the remainder when f is divided by u.
0
Let k(p) = -21*p + 2. Let f(s) = 3*s**2 + 8*s + 20. Let n be f(-4). Suppose -r = -4*r - n. Calculate the remainder when k(r) is divided by 51.
50
Let a be (14985/153)/(-9) - (-4)/(-34). Let j = 25 + 1. What is the remainder when j is divided by a/((-22)/30) - 1?
12
Suppose -43 = m - 2*m. Let o be -1 + ((-25)/(-5) - 2). What is the remainder when m is divided by (1/o)/(201/66 + -3)?
10
Let f be 4*((-2 - 3) + 6). Let o(a) = 4*a**3 - 13*a**2 - 7*a + 4. Calculate the remainder when 69 is divided by o(f).
21
Suppose 17 = 7*n - 32. Suppose 2*k - 142 = 3*j, -3*k + n*k = -5*j + 284. Calculate the remainder when 219 is divided by k.
6
Let c be ((-4)/(-6) - 6600/72) + -3. Let a = 207 + c. Let m = 66 - 9. Calculate the remainder when a is divided by m.
56
Let p(z) = 5*z**2 - 13*z - 12. Let q be p(-5). Suppose -3*d + 7*d = -m + 22, -5*m + q = 3*d. Calculate the remainder when 75 is divided by m.
37
Suppose s + 4*m - 210 = -4*s, -2*s + 4*m = -56. Suppose -40 = -4*n + r - 5, -2*n + 21 = 3*r. What is the remainder when s is divided by n?
2
Let y = 3321 + -3272. Calculate the remainder when 275 is divided by y.
30
Suppose 17617*a = 17585*a + 1312. What is the remainder when 200 is divided by a?
36
Suppose -9*m = -22*m + 8*m + 15. What is the remainder when 10158 is divided by m?
0
Suppose 284 + 32 = 57*m - 56*m. Calculate the remainder when m is divided by 47.
34
Let b = -18152 - -18169. Let r(o) = 2*o**2 - 5*o - 14. Calculate the remainder when r(-10) is divided by b.
15
Let l(g) = -2*g**3 + 4*g + 9. Suppose 165 = 5*d - 165. What is the remainder when d is divided by l(-2)?
15
Suppose -o + j + 1838 = 0, -5*j = -3*o + 6283 - 779. Calculate the remainder when o is divided by 56.
51
Let h = -14 - -96. Let i(c) = -c**2 + 53*c - 503. What is the remainder when h is divided by i(40)?
14
Suppose 2*n - 12 = 4*a, 4*n - 5*a = 28 + 20. Calculate the remainder when 104 is divided by n.
16
Let i(j) = j**3 + 14*j**2 + 6*j - 36. Suppose -19 = -m + 14. What is the remainder when i(-11) is divided by m?
30
Suppose 32*p = -53*p + 2975. Suppose 66 = -2*q + 1044. Calculate the remainder when q is divided by p.
34
Suppose -146*p = -151*p. Suppose -518 = -5*b + f - 5*f, p = -3*b - 5*f + 303. What is the remainder when b is divided by 29?
19
Suppose 0 = -7*l - 16 + 58. Let x = 15 - l. Suppose x*b - 6*b = 45. What is the remainder when 87 i